{"id":2129,"date":"2025-10-01T22:31:38","date_gmt":"2025-10-01T20:31:38","guid":{"rendered":"https:\/\/renard-et-belette.fr\/?page_id=2129"},"modified":"2026-03-15T23:57:01","modified_gmt":"2026-03-15T22:57:01","slug":"baguettes-renard-belette","status":"publish","type":"page","link":"https:\/\/renard-et-belette.fr\/index.php\/baguettes-renard-belette\/","title":{"rendered":"Les baguettes Renard &amp; Belette"},"content":{"rendered":"\n<figure class=\"wp-block-image aligncenter size-large is-resized wp-duotone-unset-1\"><img loading=\"lazy\" decoding=\"async\" width=\"1024\" height=\"246\" src=\"https:\/\/renard-et-belette.fr\/wp-content\/uploads\/2026\/01\/logo-R-et-B-baguettes-1024x246.png\" alt=\"logo Renard &amp; Belette Drumsticks\" class=\"wp-image-3241\" style=\"aspect-ratio:4.162578925740594;width:362px;height:auto\" srcset=\"https:\/\/renard-et-belette.fr\/wp-content\/uploads\/2026\/01\/logo-R-et-B-baguettes-1024x246.png 1024w, https:\/\/renard-et-belette.fr\/wp-content\/uploads\/2026\/01\/logo-R-et-B-baguettes-300x72.png 300w, https:\/\/renard-et-belette.fr\/wp-content\/uploads\/2026\/01\/logo-R-et-B-baguettes-768x185.png 768w, https:\/\/renard-et-belette.fr\/wp-content\/uploads\/2026\/01\/logo-R-et-B-baguettes.png 1178w\" sizes=\"auto, (max-width: 1024px) 100vw, 1024px\" \/><\/figure>\n\n\n\n<div style=\"height:20px\" aria-hidden=\"true\" class=\"wp-block-spacer\"><\/div>\n\n\n\n<div class=\"wp-block-columns is-layout-flex wp-container-core-columns-is-layout-7f238639 wp-block-columns-is-layout-flex\" style=\"margin-top:0;margin-bottom:0;padding-top:0;padding-right:0;padding-bottom:0;padding-left:0\">\n<div class=\"wp-block-column is-layout-flow wp-container-core-column-is-layout-7c209a9b wp-block-column-is-layout-flow\" style=\"padding-right:0;padding-bottom:0;padding-left:0;flex-basis:70%\">\n<h2 class=\"wp-block-heading has-ast-global-color-1-color has-text-color has-link-color wp-elements-29ebad9e9a462c86103ffd2d56db6feb\" style=\"padding-top:var(--wp--preset--spacing--20);padding-bottom:var(--wp--preset--spacing--20)\"><strong>Des baguettes pour tous les musiciens<\/strong><\/h2>\n\n\n\n<p style=\"padding-top:var(--wp--preset--spacing--20);padding-bottom:var(--wp--preset--spacing--20)\">Je propose notamment, en standard, des <a href=\"https:\/\/renard-et-belette.fr\/index.php\/personnaliser-ses-baguettes\/\"><strong>baguettes pour batteries<\/strong><\/a> et des <strong><a href=\"https:\/\/renard-et-belette.fr\/index.php\/personnaliser-baguettes-taiko-artisan-france-bachi\/\">baguettes pour Taiko<\/a><\/strong><\/p>\n\n\n\n<h2 class=\"wp-block-heading has-ast-global-color-1-color has-text-color has-link-color wp-elements-41a0ea2d5ac2f38c8c58a35146aa5cc2\" style=\"margin-top:0;margin-bottom:0;padding-top:var(--wp--preset--spacing--20);padding-bottom:var(--wp--preset--spacing--20)\"><strong>Des baguettes 100% custom<\/strong><\/h2>\n\n\n\n<p style=\"margin-top:0;margin-bottom:0;padding-top:0;padding-bottom:0\">Je peux adapter l&rsquo;ensemble des caract\u00e9ristiques des baguettes en fonction des besoins et des envies du client&nbsp;: diam\u00e8tre, longueur, formes, teinte, finition et marquage. Cette fabrication \u00ab\u00a0100% custom\u00a0\u00bb est possible m\u00eame pour une commande d&rsquo;une seule paire.<\/p>\n\n\n\n<div style=\"margin-top:0;margin-bottom:0;height:1em\" aria-hidden=\"true\" class=\"wp-block-spacer\"><\/div>\n<\/div>\n\n\n\n<div class=\"wp-block-column is-layout-flow wp-block-column-is-layout-flow\" style=\"flex-basis:30%\">\n<figure class=\"wp-block-image aligncenter size-large is-resized has-custom-border\"><img loading=\"lazy\" decoding=\"async\" width=\"1024\" height=\"769\" src=\"https:\/\/renard-et-belette.fr\/wp-content\/uploads\/2024\/05\/baguettes-1-1024x769.jpg\" alt=\"gravure laser baguettes sur mesure Renard &amp; Belette (drumsticks full custom)\" class=\"wp-image-263\" style=\"border-top-left-radius:5%;border-top-right-radius:5%;border-bottom-left-radius:5%;border-bottom-right-radius:5%;aspect-ratio:1.331627553818678;object-fit:cover;width:296px;height:auto\" srcset=\"https:\/\/renard-et-belette.fr\/wp-content\/uploads\/2024\/05\/baguettes-1-1024x769.jpg 1024w, https:\/\/renard-et-belette.fr\/wp-content\/uploads\/2024\/05\/baguettes-1-300x225.jpg 300w, https:\/\/renard-et-belette.fr\/wp-content\/uploads\/2024\/05\/baguettes-1-768x577.jpg 768w, https:\/\/renard-et-belette.fr\/wp-content\/uploads\/2024\/05\/baguettes-1-1536x1154.jpg 1536w, https:\/\/renard-et-belette.fr\/wp-content\/uploads\/2024\/05\/baguettes-1.jpg 2000w\" sizes=\"auto, (max-width: 1024px) 100vw, 1024px\" \/><\/figure>\n<\/div>\n<\/div>\n\n\n\n<div style=\"margin-top:0;margin-bottom:0;height:2em\" aria-hidden=\"true\" class=\"wp-block-spacer\"><\/div>\n\n\n\n<div class=\"wp-block-columns is-layout-flex wp-container-core-columns-is-layout-f8c6a9dc wp-block-columns-is-layout-flex\" style=\"margin-top:0;margin-bottom:0;padding-top:0;padding-right:0;padding-bottom:0;padding-left:0\">\n<div class=\"wp-block-column is-layout-flow wp-block-column-is-layout-flow\" style=\"padding-top:0;padding-right:0;padding-bottom:0;padding-left:0;flex-basis:30%\">\n<figure class=\"wp-block-image aligncenter size-large is-resized has-custom-border\"><img loading=\"lazy\" decoding=\"async\" width=\"1024\" height=\"768\" src=\"https:\/\/renard-et-belette.fr\/wp-content\/uploads\/2026\/03\/fond-atelier-1-edited-1024x768.jpg\" alt=\"atelier Renard &amp; Belette, fabricant de mat\u00e9riel sur mesure pour musiciens : pedalboards, baffles, baguettes, meubles studio...\" class=\"wp-image-3432\" style=\"border-top-left-radius:5%;border-top-right-radius:5%;border-bottom-left-radius:5%;border-bottom-right-radius:5%;aspect-ratio:1;object-fit:cover;width:300px\" srcset=\"https:\/\/renard-et-belette.fr\/wp-content\/uploads\/2026\/03\/fond-atelier-1-edited-1024x768.jpg 1024w, https:\/\/renard-et-belette.fr\/wp-content\/uploads\/2026\/03\/fond-atelier-1-edited-300x225.jpg 300w, https:\/\/renard-et-belette.fr\/wp-content\/uploads\/2026\/03\/fond-atelier-1-edited-768x576.jpg 768w, https:\/\/renard-et-belette.fr\/wp-content\/uploads\/2026\/03\/fond-atelier-1-edited-1536x1153.jpg 1536w, https:\/\/renard-et-belette.fr\/wp-content\/uploads\/2026\/03\/fond-atelier-1-edited.jpg 1555w\" sizes=\"auto, (max-width: 1024px) 100vw, 1024px\" \/><\/figure>\n<\/div>\n\n\n\n<div class=\"wp-block-column is-layout-flow wp-block-column-is-layout-flow\" style=\"padding-top:0;padding-right:0;padding-bottom:0;padding-left:0;flex-basis:70%\">\n<h2 class=\"wp-block-heading has-ast-global-color-1-color has-text-color has-link-color wp-elements-12d99c33bd1947685adb842cd58df7e3\" style=\"margin-top:0;margin-bottom:0;padding-top:var(--wp--preset--spacing--20);padding-bottom:var(--wp--preset--spacing--20)\"><strong>Des baguettes faites de bois locaux<\/strong><\/h2>\n\n\n\n<p style=\"margin-top:0;margin-bottom:0;padding-top:var(--wp--preset--spacing--20);padding-bottom:var(--wp--preset--spacing--20)\">En coh\u00e9rence avec ma d\u00e9marche de \u00ab&nbsp;circuit court&nbsp;\u00bb, je n\u2019utilise que des arbres ayant pouss\u00e9 en France tels que le \u00ab&nbsp;charme europ\u00e9en&nbsp;\u00bb, \u00ab&nbsp;l&rsquo;\u00e9rable sycomore&nbsp;\u00bb et le \u00ab&nbsp;h\u00eatre&nbsp;\u00bb.<\/p>\n\n\n\n<h2 class=\"wp-block-heading has-ast-global-color-1-color has-text-color has-link-color wp-elements-f3f19d5f9eed598d0b19a412cca24cb6\" style=\"margin-top:0;margin-bottom:0;padding-top:var(--wp--preset--spacing--20);padding-bottom:var(--wp--preset--spacing--20)\"><strong>Une fabrication fran\u00e7aise et artisanale<\/strong><\/h2>\n\n\n\n<p style=\"margin-top:0;margin-bottom:0;padding-top:var(--wp--preset--spacing--20);padding-bottom:var(--wp--preset--spacing--20)\">Les baguettes Renard &amp; Belette sont fabriqu\u00e9es en France et de fa\u00e7on artisanale, \u00ab\u00a0\u00e0 la main\u00a0\u00bb, c&rsquo;est \u00e0 dire sans moyen automatis\u00e9.<\/p>\n\n\n\n<p style=\"margin-top:0;margin-bottom:0;padding-top:var(--wp--preset--spacing--20);padding-bottom:var(--wp--preset--spacing--20)\">Je r\u00e9alise moi m\u00eame toutes les \u00e9tapes de fabrication, depuis le d\u00e9grossissage du plateau issu de scierie jusqu&rsquo;\u00e0 la finition et le marquage. <\/p>\n<\/div>\n<\/div>\n\n\n\n<div style=\"margin-top:0;margin-bottom:0;height:2em\" aria-hidden=\"true\" class=\"wp-block-spacer\"><\/div>\n\n\n\n<div class=\"wp-block-columns is-layout-flex wp-container-core-columns-is-layout-28f84493 wp-block-columns-is-layout-flex\">\n<div class=\"wp-block-column is-layout-flow wp-block-column-is-layout-flow\" style=\"flex-basis:66.66%\">\n<h2 class=\"wp-block-heading has-ast-global-color-1-color has-text-color has-link-color wp-elements-2c5d541192ad7e2a9c52f35c5ff40cc0\"><strong>Un appairage soign\u00e9 et une qualit\u00e9 maitris\u00e9e<\/strong><\/h2>\n\n\n\n<p style=\"margin-top:0;margin-bottom:0;padding-top:var(--wp--preset--spacing--20);padding-bottom:var(--wp--preset--spacing--20)\">Pour r\u00e9aliser une paire, j&rsquo;utilise deux morceaux de bois qui \u00e9taient directement juxtapos\u00e9s dans l&rsquo;arbre. Cette pr\u00e9caution garantit le meilleur appairage qui soit en terme de masse, d&rsquo;aspect et de caract\u00e9ristiques vibratoires.<\/p>\n\n\n\n<p style=\"margin-top:0;margin-bottom:0;padding-top:var(--wp--preset--spacing--20);padding-bottom:var(--wp--preset--spacing--20)\">Une validation de l&rsquo;appairage est r\u00e9alis\u00e9e en fin de fabrication : contr\u00f4le dimensionnel, inspection visuelle, essai et pesage. A la sorte d&rsquo;atelier, l&rsquo;\u00e9cart de masse entre deux baguettes de batterie d&rsquo;une m\u00eame paire est de moins d&rsquo;1 gramme.<\/p>\n\n\n\n<p style=\"margin-top:0;margin-bottom:0;padding-top:var(--wp--preset--spacing--20);padding-bottom:var(--wp--preset--spacing--20)\">R\u00e9guli\u00e8rement, afin de valider mes choix, quatre batteurs chevronn\u00e9s de mon entourage essaient les prototypes. et me font un retour d&rsquo;exp\u00e9rience.<\/p>\n<\/div>\n\n\n\n<div class=\"wp-block-column is-layout-flow wp-block-column-is-layout-flow\" style=\"flex-basis:33.33%\">\n<figure class=\"wp-block-image aligncenter size-large is-resized\"><img loading=\"lazy\" decoding=\"async\" width=\"768\" height=\"1024\" src=\"https:\/\/renard-et-belette.fr\/wp-content\/uploads\/2026\/03\/baguettes-en-action-768x1024.jpg\" alt=\"\" class=\"wp-image-3502\" style=\"aspect-ratio:0.7500074056543867;width:310px;height:auto\" srcset=\"https:\/\/renard-et-belette.fr\/wp-content\/uploads\/2026\/03\/baguettes-en-action-768x1024.jpg 768w, https:\/\/renard-et-belette.fr\/wp-content\/uploads\/2026\/03\/baguettes-en-action-225x300.jpg 225w, https:\/\/renard-et-belette.fr\/wp-content\/uploads\/2026\/03\/baguettes-en-action-1152x1536.jpg 1152w, https:\/\/renard-et-belette.fr\/wp-content\/uploads\/2026\/03\/baguettes-en-action.jpg 1200w\" sizes=\"auto, (max-width: 768px) 100vw, 768px\" \/><\/figure>\n<\/div>\n<\/div>\n\n\n\n<div style=\"height:1em\" aria-hidden=\"true\" class=\"wp-block-spacer\"><\/div>\n\n\n\n<p><a href=\"https:\/\/renard-et-belette.fr\/index.php\/category\/baguettes\/\">R\u00c9ALISATIONS<\/a><\/p>\n\n\n\n<p><a href=\"https:\/\/renard-et-belette.fr\/index.php\/personnaliser-ses-baguettes\/\">LES BAGUETTES DE BATTERIE<\/a><\/p>\n\n\n\n<p><a href=\"https:\/\/renard-et-belette.fr\/index.php\/personnaliser-baguettes-taiko-artisan-france-bachi\/\">LES BAGUETTES DE TAIKO<\/a><\/p>\n\n\n\n<p><a href=\"https:\/\/renard-et-belette.fr\/index.php\/tarifs-paire-baguettes-custom\/\">TARIFS BAGUETTES DE BATTERIE<\/a><\/p>\n\n\n\n<p><a href=\"https:\/\/renard-et-belette.fr\/index.php\/tarifs-baguettes-taiko-bachi-percussions-japonaises\/\">TARIFS BAGUETTES DE TAIKO<\/a><\/p>\n\n\n\n<p><a href=\"https:\/\/renard-et-belette.fr\/index.php\/category\/stock-baguettes\/\">STOCK<\/a><\/p>\n\n\n\n<p><\/p>\n","protected":false},"excerpt":{"rendered":"<p>Des baguettes pour tous les musiciens Je propose notamment, en standard, des baguettes pour batteries et des baguettes pour Taiko [&hellip;]<\/p>\n","protected":false},"author":1,"featured_media":2208,"parent":0,"menu_order":0,"comment_status":"closed","ping_status":"closed","template":"","meta":{"site-sidebar-layout":"default","site-content-layout":"","ast-site-content-layout":"","site-content-style":"default","site-sidebar-style":"default","ast-global-header-display":"","ast-banner-title-visibility":"","ast-main-header-display":"","ast-hfb-above-header-display":"","ast-hfb-below-header-display":"","ast-hfb-mobile-header-display":"","site-post-title":"disabled","ast-breadcrumbs-content":"","ast-featured-img":"disabled","footer-sml-layout":"","theme-transparent-header-meta":"","adv-header-id-meta":"","stick-header-meta":"","header-above-stick-meta":"","header-main-stick-meta":"","header-below-stick-meta":"","astra-migrate-meta-layouts":"default","ast-page-background-enabled":"default","ast-page-background-meta":{"desktop":{"background-color":"var(--ast-global-color-4)","background-image":"","background-repeat":"repeat","background-position":"center center","background-size":"auto","background-attachment":"scroll","background-type":"","background-media":"","overlay-type":"","overlay-color":"","overlay-opacity":"","overlay-gradient":""},"tablet":{"background-color":"","background-image":"","background-repeat":"repeat","background-position":"center center","background-size":"auto","background-attachment":"scroll","background-type":"","background-media":"","overlay-type":"","overlay-color":"","overlay-opacity":"","overlay-gradient":""},"mobile":{"background-color":"","background-image":"","background-repeat":"repeat","background-position":"center center","background-size":"auto","background-attachment":"scroll","background-type":"","background-media":"","overlay-type":"","overlay-color":"","overlay-opacity":"","overlay-gradient":""}},"ast-content-background-meta":{"desktop":{"background-color":"var(--ast-global-color-5)","background-image":"","background-repeat":"repeat","background-position":"center center","background-size":"auto","background-attachment":"scroll","background-type":"","background-media":"","overlay-type":"","overlay-color":"","overlay-opacity":"","overlay-gradient":""},"tablet":{"background-color":"var(--ast-global-color-5)","background-image":"","background-repeat":"repeat","background-position":"center center","background-size":"auto","background-attachment":"scroll","background-type":"","background-media":"","overlay-type":"","overlay-color":"","overlay-opacity":"","overlay-gradient":""},"mobile":{"background-color":"var(--ast-global-color-5)","background-image":"","background-repeat":"repeat","background-position":"center center","background-size":"auto","background-attachment":"scroll","background-type":"","background-media":"","overlay-type":"","overlay-color":"","overlay-opacity":"","overlay-gradient":""}},"footnotes":""},"class_list":["post-2129","page","type-page","status-publish","has-post-thumbnail","hentry"],"yoast_head":"<!-- This site is optimized with the Yoast SEO plugin v26.7 - https:\/\/yoast.com\/wordpress\/plugins\/seo\/ -->\n<title>Les baguettes Renard &amp; Belette - Atelier RENARD et BELETTE<\/title>\n<meta name=\"robots\" content=\"index, follow, max-snippet:-1, max-image-preview:large, max-video-preview:-1\" \/>\n<link rel=\"canonical\" href=\"https:\/\/renard-et-belette.fr\/index.php\/baguettes-renard-belette\/\" \/>\n<meta property=\"og:locale\" content=\"fr_FR\" \/>\n<meta property=\"og:type\" content=\"article\" \/>\n<meta property=\"og:title\" content=\"Les baguettes Renard &amp; Belette - Atelier RENARD et BELETTE\" \/>\n<meta property=\"og:description\" content=\"Des baguettes pour tous les musiciens Je propose notamment, en standard, des baguettes pour batteries et des baguettes pour Taiko [&hellip;]\" \/>\n<meta property=\"og:url\" content=\"https:\/\/renard-et-belette.fr\/index.php\/baguettes-renard-belette\/\" \/>\n<meta property=\"og:site_name\" content=\"Atelier RENARD et BELETTE\" \/>\n<meta property=\"article:modified_time\" content=\"2026-03-15T22:57:01+00:00\" \/>\n<meta property=\"og:image\" content=\"https:\/\/renard-et-belette.fr\/wp-content\/uploads\/2025\/11\/motif-custom-manche-baguette-2-scaled.jpg\" \/>\n\t<meta property=\"og:image:width\" content=\"1990\" \/>\n\t<meta property=\"og:image:height\" content=\"2560\" \/>\n\t<meta property=\"og:image:type\" content=\"image\/jpeg\" \/>\n<meta name=\"twitter:card\" content=\"summary_large_image\" \/>\n<meta name=\"twitter:label1\" content=\"Dur\u00e9e de lecture estim\u00e9e\" \/>\n\t<meta name=\"twitter:data1\" content=\"3 minutes\" \/>\n<script type=\"application\/ld+json\" class=\"yoast-schema-graph\">{\"@context\":\"https:\/\/schema.org\",\"@graph\":[{\"@type\":\"WebPage\",\"@id\":\"https:\/\/renard-et-belette.fr\/index.php\/baguettes-renard-belette\/\",\"url\":\"https:\/\/renard-et-belette.fr\/index.php\/baguettes-renard-belette\/\",\"name\":\"Les baguettes Renard &amp; Belette - Atelier RENARD et BELETTE\",\"isPartOf\":{\"@id\":\"https:\/\/renard-et-belette.fr\/#website\"},\"primaryImageOfPage\":{\"@id\":\"https:\/\/renard-et-belette.fr\/index.php\/baguettes-renard-belette\/#primaryimage\"},\"image\":{\"@id\":\"https:\/\/renard-et-belette.fr\/index.php\/baguettes-renard-belette\/#primaryimage\"},\"thumbnailUrl\":\"https:\/\/renard-et-belette.fr\/wp-content\/uploads\/2025\/11\/motif-custom-manche-baguette-2-scaled.jpg\",\"datePublished\":\"2025-10-01T20:31:38+00:00\",\"dateModified\":\"2026-03-15T22:57:01+00:00\",\"breadcrumb\":{\"@id\":\"https:\/\/renard-et-belette.fr\/index.php\/baguettes-renard-belette\/#breadcrumb\"},\"inLanguage\":\"fr-FR\",\"potentialAction\":[{\"@type\":\"ReadAction\",\"target\":[\"https:\/\/renard-et-belette.fr\/index.php\/baguettes-renard-belette\/\"]}]},{\"@type\":\"ImageObject\",\"inLanguage\":\"fr-FR\",\"@id\":\"https:\/\/renard-et-belette.fr\/index.php\/baguettes-renard-belette\/#primaryimage\",\"url\":\"https:\/\/renard-et-belette.fr\/wp-content\/uploads\/2025\/11\/motif-custom-manche-baguette-2-scaled.jpg\",\"contentUrl\":\"https:\/\/renard-et-belette.fr\/wp-content\/uploads\/2025\/11\/motif-custom-manche-baguette-2-scaled.jpg\",\"width\":1990,\"height\":2560,\"caption\":\"motif custom manche baguette, gravure laser personnalis\u00e9e\"},{\"@type\":\"BreadcrumbList\",\"@id\":\"https:\/\/renard-et-belette.fr\/index.php\/baguettes-renard-belette\/#breadcrumb\",\"itemListElement\":[{\"@type\":\"ListItem\",\"position\":1,\"name\":\"Accueil\",\"item\":\"https:\/\/renard-et-belette.fr\/\"},{\"@type\":\"ListItem\",\"position\":2,\"name\":\"Les baguettes Renard &amp; Belette\"}]},{\"@type\":\"WebSite\",\"@id\":\"https:\/\/renard-et-belette.fr\/#website\",\"url\":\"https:\/\/renard-et-belette.fr\/\",\"name\":\"Atelier RENARD et BELETTE\",\"description\":\"Pedalboards, baguettes et accessoires custom fabriqu\u00e9s en France\",\"publisher\":{\"@id\":\"https:\/\/renard-et-belette.fr\/#organization\"},\"potentialAction\":[{\"@type\":\"SearchAction\",\"target\":{\"@type\":\"EntryPoint\",\"urlTemplate\":\"https:\/\/renard-et-belette.fr\/?s={search_term_string}\"},\"query-input\":{\"@type\":\"PropertyValueSpecification\",\"valueRequired\":true,\"valueName\":\"search_term_string\"}}],\"inLanguage\":\"fr-FR\"},{\"@type\":\"Organization\",\"@id\":\"https:\/\/renard-et-belette.fr\/#organization\",\"name\":\"Atelier RENARD et BELETTE\",\"url\":\"https:\/\/renard-et-belette.fr\/\",\"logo\":{\"@type\":\"ImageObject\",\"inLanguage\":\"fr-FR\",\"@id\":\"https:\/\/renard-et-belette.fr\/#\/schema\/logo\/image\/\",\"url\":\"https:\/\/renard-et-belette.fr\/wp-content\/uploads\/2024\/05\/logoweb-1.png\",\"contentUrl\":\"https:\/\/renard-et-belette.fr\/wp-content\/uploads\/2024\/05\/logoweb-1.png\",\"width\":731,\"height\":491,\"caption\":\"Atelier RENARD et BELETTE\"},\"image\":{\"@id\":\"https:\/\/renard-et-belette.fr\/#\/schema\/logo\/image\/\"}}]}<\/script>\n<!-- \/ Yoast SEO plugin. -->","yoast_head_json":{"title":"Les baguettes Renard &amp; Belette - Atelier RENARD et BELETTE","robots":{"index":"index","follow":"follow","max-snippet":"max-snippet:-1","max-image-preview":"max-image-preview:large","max-video-preview":"max-video-preview:-1"},"canonical":"https:\/\/renard-et-belette.fr\/index.php\/baguettes-renard-belette\/","og_locale":"fr_FR","og_type":"article","og_title":"Les baguettes Renard &amp; Belette - Atelier RENARD et BELETTE","og_description":"Des baguettes pour tous les musiciens Je propose notamment, en standard, des baguettes pour batteries et des baguettes pour Taiko [&hellip;]","og_url":"https:\/\/renard-et-belette.fr\/index.php\/baguettes-renard-belette\/","og_site_name":"Atelier RENARD et BELETTE","article_modified_time":"2026-03-15T22:57:01+00:00","og_image":[{"width":1990,"height":2560,"url":"https:\/\/renard-et-belette.fr\/wp-content\/uploads\/2025\/11\/motif-custom-manche-baguette-2-scaled.jpg","type":"image\/jpeg"}],"twitter_card":"summary_large_image","twitter_misc":{"Dur\u00e9e de lecture estim\u00e9e":"3 minutes"},"schema":{"@context":"https:\/\/schema.org","@graph":[{"@type":"WebPage","@id":"https:\/\/renard-et-belette.fr\/index.php\/baguettes-renard-belette\/","url":"https:\/\/renard-et-belette.fr\/index.php\/baguettes-renard-belette\/","name":"Les baguettes Renard &amp; Belette - Atelier RENARD et BELETTE","isPartOf":{"@id":"https:\/\/renard-et-belette.fr\/#website"},"primaryImageOfPage":{"@id":"https:\/\/renard-et-belette.fr\/index.php\/baguettes-renard-belette\/#primaryimage"},"image":{"@id":"https:\/\/renard-et-belette.fr\/index.php\/baguettes-renard-belette\/#primaryimage"},"thumbnailUrl":"https:\/\/renard-et-belette.fr\/wp-content\/uploads\/2025\/11\/motif-custom-manche-baguette-2-scaled.jpg","datePublished":"2025-10-01T20:31:38+00:00","dateModified":"2026-03-15T22:57:01+00:00","breadcrumb":{"@id":"https:\/\/renard-et-belette.fr\/index.php\/baguettes-renard-belette\/#breadcrumb"},"inLanguage":"fr-FR","potentialAction":[{"@type":"ReadAction","target":["https:\/\/renard-et-belette.fr\/index.php\/baguettes-renard-belette\/"]}]},{"@type":"ImageObject","inLanguage":"fr-FR","@id":"https:\/\/renard-et-belette.fr\/index.php\/baguettes-renard-belette\/#primaryimage","url":"https:\/\/renard-et-belette.fr\/wp-content\/uploads\/2025\/11\/motif-custom-manche-baguette-2-scaled.jpg","contentUrl":"https:\/\/renard-et-belette.fr\/wp-content\/uploads\/2025\/11\/motif-custom-manche-baguette-2-scaled.jpg","width":1990,"height":2560,"caption":"motif custom manche baguette, gravure laser personnalis\u00e9e"},{"@type":"BreadcrumbList","@id":"https:\/\/renard-et-belette.fr\/index.php\/baguettes-renard-belette\/#breadcrumb","itemListElement":[{"@type":"ListItem","position":1,"name":"Accueil","item":"https:\/\/renard-et-belette.fr\/"},{"@type":"ListItem","position":2,"name":"Les baguettes Renard &amp; Belette"}]},{"@type":"WebSite","@id":"https:\/\/renard-et-belette.fr\/#website","url":"https:\/\/renard-et-belette.fr\/","name":"Atelier RENARD et BELETTE","description":"Pedalboards, baguettes et accessoires custom fabriqu\u00e9s en France","publisher":{"@id":"https:\/\/renard-et-belette.fr\/#organization"},"potentialAction":[{"@type":"SearchAction","target":{"@type":"EntryPoint","urlTemplate":"https:\/\/renard-et-belette.fr\/?s={search_term_string}"},"query-input":{"@type":"PropertyValueSpecification","valueRequired":true,"valueName":"search_term_string"}}],"inLanguage":"fr-FR"},{"@type":"Organization","@id":"https:\/\/renard-et-belette.fr\/#organization","name":"Atelier RENARD et BELETTE","url":"https:\/\/renard-et-belette.fr\/","logo":{"@type":"ImageObject","inLanguage":"fr-FR","@id":"https:\/\/renard-et-belette.fr\/#\/schema\/logo\/image\/","url":"https:\/\/renard-et-belette.fr\/wp-content\/uploads\/2024\/05\/logoweb-1.png","contentUrl":"https:\/\/renard-et-belette.fr\/wp-content\/uploads\/2024\/05\/logoweb-1.png","width":731,"height":491,"caption":"Atelier RENARD et BELETTE"},"image":{"@id":"https:\/\/renard-et-belette.fr\/#\/schema\/logo\/image\/"}}]}},"_links":{"self":[{"href":"https:\/\/renard-et-belette.fr\/index.php\/wp-json\/wp\/v2\/pages\/2129","targetHints":{"allow":["GET"]}}],"collection":[{"href":"https:\/\/renard-et-belette.fr\/index.php\/wp-json\/wp\/v2\/pages"}],"about":[{"href":"https:\/\/renard-et-belette.fr\/index.php\/wp-json\/wp\/v2\/types\/page"}],"author":[{"embeddable":true,"href":"https:\/\/renard-et-belette.fr\/index.php\/wp-json\/wp\/v2\/users\/1"}],"replies":[{"embeddable":true,"href":"https:\/\/renard-et-belette.fr\/index.php\/wp-json\/wp\/v2\/comments?post=2129"}],"version-history":[{"count":65,"href":"https:\/\/renard-et-belette.fr\/index.php\/wp-json\/wp\/v2\/pages\/2129\/revisions"}],"predecessor-version":[{"id":3620,"href":"https:\/\/renard-et-belette.fr\/index.php\/wp-json\/wp\/v2\/pages\/2129\/revisions\/3620"}],"wp:featuredmedia":[{"embeddable":true,"href":"https:\/\/renard-et-belette.fr\/index.php\/wp-json\/wp\/v2\/media\/2208"}],"wp:attachment":[{"href":"https:\/\/renard-et-belette.fr\/index.php\/wp-json\/wp\/v2\/media?parent=2129"}],"curies":[{"name":"wp","href":"https:\/\/api.w.org\/{rel}","templated":true}]}}